{"id":1168,"date":"2024-01-31T12:09:29","date_gmt":"2024-01-31T12:09:29","guid":{"rendered":"https:\/\/oldi-parts.ch\/ops\/?page_id=1168"},"modified":"2024-01-31T12:09:29","modified_gmt":"2024-01-31T12:09:29","slug":"privacy-policy-datenschutz","status":"publish","type":"page","link":"https:\/\/oldi-parts.ch\/ops\/?page_id=1168","title":{"rendered":"Privacy Policy   \/   DATENSCHUTZ"},"content":{"rendered":"\n<div class=\"wp-block-group has-global-padding is-layout-constrained wp-block-group-is-layout-constrained\">\n<figure class=\"wp-block-table\"><table><tbody><tr><td><\/td><\/tr><tr><td>Wir verpflichten uns, die Privatsph\u00e4re aller Personen zu sch\u00fctzen, die unsere Website nutzen, und die pers\u00f6nlichen Daten, die uns unsere Besucher \u00fcberlassen, vertraulich zu behandeln. Verschiedene Angebote unserer Website (z.B. Newsletter und Foren) erfordern die Eingabe von Daten wie Namen oder E-Mail-Adressen. Sie k\u00f6nnen unser Angebot prinzipiell auch ohne die Eingabe von pers\u00f6nlichen Daten nutzen. Wenn wir Sie f\u00fcr eine Anmeldung, f\u00fcr einen Auftrag oder ein Abonnement nach Ihren pers\u00f6nlichen Daten fragen, liegt es in Ihrer freien Entscheidung, diese Daten einzugeben. Sie k\u00f6nnen allerdings selbst Daten zur Ver\u00f6ffentlichung freigeben (z.B. in den Foren). Die erfassten Informationen werden ausschlie\u00dflich dazu genutzt, in Kontakt mit Ihnen zu treten. Pers\u00f6nliche Daten unserer Nutzer werden nicht an Dritte weitergegeben. Wir erstellen keine pers\u00f6nlichen Nutzerprofile unserer Nutzer. Lediglich allgemeine Informationen (z.B. Statistiken \u00fcber die zeitliche Verteilung von Seitenabrufen) \u00fcber die Zugriffe auf unsere Website werden zur technischen und inhaltlichen \u00dcberpr\u00fcfung gespeichert. Diese Daten werden jedoch aggregiert und lassen keine R\u00fcckschl\u00fcsse auf einzelne Besucher zu. Adressen der Newsletterabonnenten werden nicht an Werbekunden und Interessierte weitergegeben.<br>Wir verwenden an einigen Stellen unserer Website (z.B. in den Foren) Cookies. Dies geschieht im Rahmen der Realisierung bestimmter Funktionalit\u00e4ten f\u00fcr unsere Nutzer. Cookies werden nur aus technischen Gr\u00fcnden verwendet und nicht f\u00fcr Marktforschungszwecke genutzt.<br>Trotz sorgf\u00e4ltiger Pr\u00fcfung k\u00f6nnen wir keine Haftung f\u00fcr die Inhalte externer Links \u00fcbernehmen. F\u00fcr den Inhalt dieser Seiten sind ausschliesslich deren Betreiber verantwortlich.<br><\/td><\/tr><\/tbody><\/table><\/figure>\n<\/div>\n","protected":false},"excerpt":{"rendered":"<p>Wir verpflichten uns, die Privatsph\u00e4re aller Personen zu sch\u00fctzen, die unsere Website nutzen, und die pers\u00f6nlichen Daten, die uns unsere Besucher \u00fcberlassen, vertraulich zu behandeln. Verschiedene Angebote unserer Website (z.B. Newsletter und Foren) erfordern die Eingabe von Daten wie Namen oder E-Mail-Adressen. Sie k\u00f6nnen unser Angebot prinzipiell auch ohne die Eingabe von pers\u00f6nlichen Daten nutzen. [&hellip;]<\/p>\n","protected":false},"author":1,"featured_media":0,"parent":0,"menu_order":0,"comment_status":"closed","ping_status":"closed","template":"","meta":{"footnotes":""},"class_list":["post-1168","page","type-page","status-publish","hentry"],"_links":{"self":[{"href":"https:\/\/oldi-parts.ch\/ops\/index.php?rest_route=\/wp\/v2\/pages\/1168","targetHints":{"allow":["GET"]}}],"collection":[{"href":"https:\/\/oldi-parts.ch\/ops\/index.php?rest_route=\/wp\/v2\/pages"}],"about":[{"href":"https:\/\/oldi-parts.ch\/ops\/index.php?rest_route=\/wp\/v2\/types\/page"}],"author":[{"embeddable":true,"href":"https:\/\/oldi-parts.ch\/ops\/index.php?rest_route=\/wp\/v2\/users\/1"}],"replies":[{"embeddable":true,"href":"https:\/\/oldi-parts.ch\/ops\/index.php?rest_route=%2Fwp%2Fv2%2Fcomments&post=1168"}],"version-history":[{"count":1,"href":"https:\/\/oldi-parts.ch\/ops\/index.php?rest_route=\/wp\/v2\/pages\/1168\/revisions"}],"predecessor-version":[{"id":1169,"href":"https:\/\/oldi-parts.ch\/ops\/index.php?rest_route=\/wp\/v2\/pages\/1168\/revisions\/1169"}],"wp:attachment":[{"href":"https:\/\/oldi-parts.ch\/ops\/index.php?rest_route=%2Fwp%2Fv2%2Fmedia&parent=1168"}],"curies":[{"name":"wp","href":"https:\/\/api.w.org\/{rel}","templated":true}]}}